{"id":17,"date":"2010-11-30T02:50:59","date_gmt":"2010-11-30T01:50:59","guid":{"rendered":"http:\/\/mjc-combs-la-ville.com\/musique\/?page_id=17"},"modified":"2025-11-20T15:03:14","modified_gmt":"2025-11-20T14:03:14","slug":"basse-2","status":"publish","type":"page","link":"https:\/\/mjcloreillecassee.com\/home1\/les-cours-individuels\/basse-2\/","title":{"rendered":"<h1 style=\"color: #ffffff;\">Basse<\/h1>"},"content":{"rendered":"<div class=\"wp-block-image\">\n<figure class=\"aligncenter size-full is-resized\"><img data-recalc-dims=\"1\" loading=\"lazy\" decoding=\"async\" width=\"800\" height=\"300\" src=\"https:\/\/i0.wp.com\/mjcloreillecassee.com\/home1\/wp-content\/uploads\/2025\/11\/OPENSTAGE-11.png?resize=800%2C300&#038;ssl=1\" alt=\"\" class=\"wp-image-6915\" style=\"width:555px;height:auto\" srcset=\"https:\/\/i0.wp.com\/mjcloreillecassee.com\/home1\/wp-content\/uploads\/2025\/11\/OPENSTAGE-11.png?w=800&amp;ssl=1 800w, https:\/\/i0.wp.com\/mjcloreillecassee.com\/home1\/wp-content\/uploads\/2025\/11\/OPENSTAGE-11.png?resize=300%2C113&amp;ssl=1 300w, https:\/\/i0.wp.com\/mjcloreillecassee.com\/home1\/wp-content\/uploads\/2025\/11\/OPENSTAGE-11.png?resize=150%2C56&amp;ssl=1 150w, https:\/\/i0.wp.com\/mjcloreillecassee.com\/home1\/wp-content\/uploads\/2025\/11\/OPENSTAGE-11.png?resize=768%2C288&amp;ssl=1 768w, https:\/\/i0.wp.com\/mjcloreillecassee.com\/home1\/wp-content\/uploads\/2025\/11\/OPENSTAGE-11.png?resize=250%2C94&amp;ssl=1 250w\" sizes=\"auto, (max-width: 800px) 100vw, 800px\" \/><\/figure><\/div>\n\n\n<p><strong><em>Avec St\u00e9phane SIMON<\/em><\/strong><\/p>\n\n\n\n<p class=\"has-text-align-center\"><em>A partir de 7 ans \u2013 545 \u20ac +13\u20ac de cotisation &#8211; Cours de 30 minutes \u2013 Lundi, mardi, mercredi, samedi<\/em><\/p>\n\n\n\n<p><strong>D\u00e9roulement des&nbsp;cours<\/strong>:<\/p>\n\n\n\n<p>La basse fait le lien entre les autres instruments : le rythme, la m\u00e9lodie et l&rsquo;harmonie.<\/p>\n\n\n\n<p>En dehors de l&rsquo;apprentissage strictement technique, il s&rsquo;agit avant tout de d\u00e9velopper le sens du rythme, base de ce lien, mais \u00e9galement l&rsquo;\u00e9coute et la capacit\u00e9 \u00e0 se situer parmi les autres instruments (par l&rsquo;accompagnement d\u2019enregistrements ou d&rsquo;instruments, mais \u00e9galement par les possibilit\u00e9s offertes \u00e0 la MJC de rencontrer et d&rsquo;\u00e9changer avec d&rsquo;autres musiciens).<\/p>\n\n\n\n<p>Toutes les techniques pratiqu\u00e9es \u00e0 la basse sont enseign\u00e9es :<br>&#8211; D&rsquo;abord les bases, la position, l&rsquo;utilisation et la coordination main gauche &#8211; main droite, le rythme&#8230;<br>&#8211; Les diverses techniques  (slap, tapping, picking, utilisation du m\u00e9diator&#8230;)<br>&#8211; La capacit\u00e9 \u00e0 l&rsquo;autonomie (comprendre comment l&rsquo;on apprend pour pouvoir s&rsquo;\u00e9manciper).<\/p>\n\n\n\n<p>Les cours sont individualis\u00e9s, adapt\u00e9s \u00e0 la volont\u00e9 de chacun-e en fonction de ses propres objectifs.<\/p>\n\n\n\n<p><\/p>\n","protected":false},"excerpt":{"rendered":"<p>Avec St\u00e9phane SIMON A partir de 7 ans \u2013 545 \u20ac +13\u20ac de cotisation &#8211; Cours de 30 minutes \u2013 Lundi, mardi, mercredi, samedi D\u00e9roulement des&nbsp;cours: La basse fait le lien entre les autres instruments : le rythme, la m\u00e9lodie et l&rsquo;harmonie. En dehors de l&rsquo;apprentissage strictement technique, il s&rsquo;agit&#8230;<\/p>\n<p> <a class=\"continue-reading-link\" href=\"https:\/\/mjcloreillecassee.com\/home1\/les-cours-individuels\/basse-2\/\"><span>lire la suite<\/span><i class=\"crycon-right-dir\"><\/i><\/a> <\/p>\n","protected":false},"author":1,"featured_media":0,"parent":1231,"menu_order":0,"comment_status":"closed","ping_status":"closed","template":"","meta":{"jetpack_post_was_ever_published":false,"footnotes":""},"class_list":["post-17","page","type-page","status-publish","hentry"],"jetpack_sharing_enabled":true,"jetpack_shortlink":"https:\/\/wp.me\/PaMDLU-h","_links":{"self":[{"href":"https:\/\/mjcloreillecassee.com\/home1\/wp-json\/wp\/v2\/pages\/17","targetHints":{"allow":["GET"]}}],"collection":[{"href":"https:\/\/mjcloreillecassee.com\/home1\/wp-json\/wp\/v2\/pages"}],"about":[{"href":"https:\/\/mjcloreillecassee.com\/home1\/wp-json\/wp\/v2\/types\/page"}],"author":[{"embeddable":true,"href":"https:\/\/mjcloreillecassee.com\/home1\/wp-json\/wp\/v2\/users\/1"}],"replies":[{"embeddable":true,"href":"https:\/\/mjcloreillecassee.com\/home1\/wp-json\/wp\/v2\/comments?post=17"}],"version-history":[{"count":13,"href":"https:\/\/mjcloreillecassee.com\/home1\/wp-json\/wp\/v2\/pages\/17\/revisions"}],"predecessor-version":[{"id":6916,"href":"https:\/\/mjcloreillecassee.com\/home1\/wp-json\/wp\/v2\/pages\/17\/revisions\/6916"}],"up":[{"embeddable":true,"href":"https:\/\/mjcloreillecassee.com\/home1\/wp-json\/wp\/v2\/pages\/1231"}],"wp:attachment":[{"href":"https:\/\/mjcloreillecassee.com\/home1\/wp-json\/wp\/v2\/media?parent=17"}],"curies":[{"name":"wp","href":"https:\/\/api.w.org\/{rel}","templated":true}]}}