{"id":234,"date":"2010-11-30T02:56:24","date_gmt":"2010-11-30T01:56:24","guid":{"rendered":"http:\/\/mjc-combs-la-ville.com\/musique\/?page_id=37"},"modified":"2025-11-21T17:50:34","modified_gmt":"2025-11-21T16:50:34","slug":"latino-orchestra","status":"publish","type":"page","link":"https:\/\/mjcloreillecassee.com\/home1\/les-orchestres\/latino-orchestra\/","title":{"rendered":"<h5 style=\"color: #ffffff;\">Latino Orchestra<\/h5>"},"content":{"rendered":"<div class=\"wp-block-image\">\n<figure class=\"aligncenter size-full is-resized\"><img data-recalc-dims=\"1\" loading=\"lazy\" decoding=\"async\" width=\"800\" height=\"300\" src=\"https:\/\/i0.wp.com\/mjcloreillecassee.com\/home1\/wp-content\/uploads\/2025\/11\/OPENSTAGE-32.png?resize=800%2C300&#038;ssl=1\" alt=\"\" class=\"wp-image-7087\" style=\"width:531px;height:auto\" srcset=\"https:\/\/i0.wp.com\/mjcloreillecassee.com\/home1\/wp-content\/uploads\/2025\/11\/OPENSTAGE-32.png?w=800&amp;ssl=1 800w, https:\/\/i0.wp.com\/mjcloreillecassee.com\/home1\/wp-content\/uploads\/2025\/11\/OPENSTAGE-32.png?resize=300%2C113&amp;ssl=1 300w, https:\/\/i0.wp.com\/mjcloreillecassee.com\/home1\/wp-content\/uploads\/2025\/11\/OPENSTAGE-32.png?resize=150%2C56&amp;ssl=1 150w, https:\/\/i0.wp.com\/mjcloreillecassee.com\/home1\/wp-content\/uploads\/2025\/11\/OPENSTAGE-32.png?resize=768%2C288&amp;ssl=1 768w, https:\/\/i0.wp.com\/mjcloreillecassee.com\/home1\/wp-content\/uploads\/2025\/11\/OPENSTAGE-32.png?resize=250%2C94&amp;ssl=1 250w\" sizes=\"auto, (max-width: 800px) 100vw, 800px\" \/><\/figure><\/div>\n\n\n<p><br><br><strong><em>Dirig\u00e9 par Franklin Lozada<\/em><\/strong><\/p>\n\n\n\n<p>Musiques du r\u00e9pertoire afro-cubaine, reprises des grands classiques de la musique latino am\u00e9ricaine !<br> Tout public \u2013 190\u20ac + 13\u20ac de cotisation \/ Gratuit si vous \u00eates d\u00e9j\u00e0 inscrit-e \u00e0 la MJC dans un cours d&rsquo;instrument ! <\/p>\n\n\n\n<p>10 s\u00e9ances dans l\u2019ann\u00e9e le mercredi de 18h30 \u00e0 21h30 + 5 concerts par an<br><\/p>\n\n\n\n<p><\/p>\n","protected":false},"excerpt":{"rendered":"<p>Dirig\u00e9 par Franklin Lozada Musiques du r\u00e9pertoire afro-cubaine, reprises des grands classiques de la musique latino am\u00e9ricaine ! Tout public \u2013 190\u20ac + 13\u20ac de cotisation \/ Gratuit si vous \u00eates d\u00e9j\u00e0 inscrit-e \u00e0 la MJC dans un cours d&rsquo;instrument ! 10 s\u00e9ances dans l\u2019ann\u00e9e le mercredi de 18h30 \u00e0&#8230;<\/p>\n<p> <a class=\"continue-reading-link\" href=\"https:\/\/mjcloreillecassee.com\/home1\/les-orchestres\/latino-orchestra\/\"><span>lire la suite<\/span><i class=\"crycon-right-dir\"><\/i><\/a> <\/p>\n","protected":false},"author":1,"featured_media":0,"parent":228,"menu_order":0,"comment_status":"closed","ping_status":"closed","template":"","meta":{"jetpack_post_was_ever_published":false,"footnotes":""},"class_list":["post-234","page","type-page","status-publish","hentry"],"jetpack_sharing_enabled":true,"jetpack_shortlink":"https:\/\/wp.me\/PaMDLU-3M","_links":{"self":[{"href":"https:\/\/mjcloreillecassee.com\/home1\/wp-json\/wp\/v2\/pages\/234","targetHints":{"allow":["GET"]}}],"collection":[{"href":"https:\/\/mjcloreillecassee.com\/home1\/wp-json\/wp\/v2\/pages"}],"about":[{"href":"https:\/\/mjcloreillecassee.com\/home1\/wp-json\/wp\/v2\/types\/page"}],"author":[{"embeddable":true,"href":"https:\/\/mjcloreillecassee.com\/home1\/wp-json\/wp\/v2\/users\/1"}],"replies":[{"embeddable":true,"href":"https:\/\/mjcloreillecassee.com\/home1\/wp-json\/wp\/v2\/comments?post=234"}],"version-history":[{"count":11,"href":"https:\/\/mjcloreillecassee.com\/home1\/wp-json\/wp\/v2\/pages\/234\/revisions"}],"predecessor-version":[{"id":7097,"href":"https:\/\/mjcloreillecassee.com\/home1\/wp-json\/wp\/v2\/pages\/234\/revisions\/7097"}],"up":[{"embeddable":true,"href":"https:\/\/mjcloreillecassee.com\/home1\/wp-json\/wp\/v2\/pages\/228"}],"wp:attachment":[{"href":"https:\/\/mjcloreillecassee.com\/home1\/wp-json\/wp\/v2\/media?parent=234"}],"curies":[{"name":"wp","href":"https:\/\/api.w.org\/{rel}","templated":true}]}}