{"id":42,"date":"2010-11-16T17:59:21","date_gmt":"2010-11-16T16:59:21","guid":{"rendered":"http:\/\/mjc-combs-la-ville.com\/home\/?page_id=42"},"modified":"2025-11-19T17:30:04","modified_gmt":"2025-11-19T16:30:04","slug":"le-lieu","status":"publish","type":"page","link":"https:\/\/mjcloreillecassee.com\/home1\/le-lieu\/","title":{"rendered":"<h1 style=\"color: #ffffff;\">Le lieu<\/h1>"},"content":{"rendered":"<div class=\"wp-block-image\">\n<figure class=\"aligncenter size-full is-resized\"><img data-recalc-dims=\"1\" loading=\"lazy\" decoding=\"async\" width=\"800\" height=\"300\" src=\"https:\/\/i0.wp.com\/mjcloreillecassee.com\/home1\/wp-content\/uploads\/2025\/11\/OPENSTAGE-9.png?resize=800%2C300&#038;ssl=1\" alt=\"\" class=\"wp-image-6897\" style=\"width:635px;height:auto\" srcset=\"https:\/\/i0.wp.com\/mjcloreillecassee.com\/home1\/wp-content\/uploads\/2025\/11\/OPENSTAGE-9.png?w=800&amp;ssl=1 800w, https:\/\/i0.wp.com\/mjcloreillecassee.com\/home1\/wp-content\/uploads\/2025\/11\/OPENSTAGE-9.png?resize=300%2C113&amp;ssl=1 300w, https:\/\/i0.wp.com\/mjcloreillecassee.com\/home1\/wp-content\/uploads\/2025\/11\/OPENSTAGE-9.png?resize=150%2C56&amp;ssl=1 150w, https:\/\/i0.wp.com\/mjcloreillecassee.com\/home1\/wp-content\/uploads\/2025\/11\/OPENSTAGE-9.png?resize=768%2C288&amp;ssl=1 768w, https:\/\/i0.wp.com\/mjcloreillecassee.com\/home1\/wp-content\/uploads\/2025\/11\/OPENSTAGE-9.png?resize=250%2C94&amp;ssl=1 250w\" sizes=\"auto, (max-width: 800px) 100vw, 800px\" \/><\/figure><\/div>\n\n\n<div style=\"height:48px\" aria-hidden=\"true\" class=\"wp-block-spacer\"><\/div>\n\n\n<p><a href=\"https:\/\/i0.wp.com\/mjcloreillecassee.com\/home\/wp-content\/uploads\/2010\/11\/MJC-lOreille-Cass%C3%A9e.jpeg\"><img data-recalc-dims=\"1\" loading=\"lazy\" decoding=\"async\" class=\"alignleft wp-image-2301 size-full\" src=\"https:\/\/i0.wp.com\/mjcloreillecassee.com\/home1\/wp-content\/uploads\/2010\/11\/MJC-lOreille-Cass%C3%A9e-1.jpeg?resize=188%2C159&#038;ssl=1\" alt=\"MJC l'Oreille Cass\u00e9e\" width=\"188\" height=\"159\" \/><\/a><\/p>\n<p>La MJC l&rsquo;Oreille Cass\u00e9e est une association d&rsquo;\u00e9ducation populaire r\u00e9gie par la loi de 1901. Elle se situe sur le territoire de Combs-la-Ville, une commune de la ville nouvelle de S\u00e9nart dans le d\u00e9partement de la Seine-et-Marne, \u00e0 25 km au sud de Paris.<br \/><br \/><\/p>\n<p>Elle accueille chaque ann\u00e9e environ 300 adh\u00e9rents et plusieurs milliers d\u2019usagers.<\/p>\n<p>S&rsquo;il est une particularit\u00e9 de notre MJC, c&rsquo;est qu&rsquo;elle prend place dans un b\u00e2timent public historique. En effet, la MJC partage la place avec l&rsquo;\u00e9glise Saint-Vincent, \u00e9glise du XII\u00e8me si\u00e8cle, class\u00e9e monument historique. Le b\u00e2timent f\u00fbt autrefois la mairie, la poste et une \u00e9cole primaire de la ville, avant d&rsquo;\u00eatre pr\u00eat\u00e9e par la municipalit\u00e9 \u00e0 l\u2019association d\u00e8s sa cr\u00e9ation en <strong>Novembre 1964<\/strong>.<\/p>\n<p>La MJC a donc plus de 60 ans d&rsquo;histoire !<\/p>\n<p>La MJC travaille en lien \u00e9troit avec la mairie et les services municipaux afin de r\u00e9pondre aux besoins des habitants. Elle intervient aupr\u00e8s de tous types de public en d\u00e9veloppant ses actions aupr\u00e8s de multiples partenaires\u00a0: les centres de loisirs, \u00e9coles, coll\u00e8ges et lyc\u00e9es, l\u2019IUT de S\u00e9nart, le centre social Trait d&rsquo;Union, le service jeunesse et le PIJ, le service s\u00e9niors, le service culturel, le service des sports, le service d\u00e9veloppement durable, le Relais Assistantes Maternelles, le foyer APF, la prison de R\u00e9au, le conservatoire, la m\u00e9diath\u00e8que, et de nombreuses associations locales.<\/p>\n\n\n<p><\/p>\n","protected":false},"excerpt":{"rendered":"<p>La MJC l&rsquo;Oreille Cass\u00e9e est une association d&rsquo;\u00e9ducation populaire r\u00e9gie par la loi de 1901. Elle se situe sur le territoire de Combs-la-Ville, une commune de la ville nouvelle de S\u00e9nart dans le d\u00e9partement de la Seine-et-Marne, \u00e0 25 km au sud de Paris. Elle accueille chaque ann\u00e9e environ 300&#8230;<\/p>\n<p> <a class=\"continue-reading-link\" href=\"https:\/\/mjcloreillecassee.com\/home1\/le-lieu\/\"><span>lire la suite<\/span><i class=\"crycon-right-dir\"><\/i><\/a> <\/p>\n","protected":false},"author":1,"featured_media":0,"parent":0,"menu_order":0,"comment_status":"closed","ping_status":"open","template":"","meta":{"jetpack_post_was_ever_published":false,"footnotes":""},"class_list":["post-42","page","type-page","status-publish","hentry"],"jetpack_sharing_enabled":true,"jetpack_shortlink":"https:\/\/wp.me\/PaMDLU-G","_links":{"self":[{"href":"https:\/\/mjcloreillecassee.com\/home1\/wp-json\/wp\/v2\/pages\/42","targetHints":{"allow":["GET"]}}],"collection":[{"href":"https:\/\/mjcloreillecassee.com\/home1\/wp-json\/wp\/v2\/pages"}],"about":[{"href":"https:\/\/mjcloreillecassee.com\/home1\/wp-json\/wp\/v2\/types\/page"}],"author":[{"embeddable":true,"href":"https:\/\/mjcloreillecassee.com\/home1\/wp-json\/wp\/v2\/users\/1"}],"replies":[{"embeddable":true,"href":"https:\/\/mjcloreillecassee.com\/home1\/wp-json\/wp\/v2\/comments?post=42"}],"version-history":[{"count":8,"href":"https:\/\/mjcloreillecassee.com\/home1\/wp-json\/wp\/v2\/pages\/42\/revisions"}],"predecessor-version":[{"id":6903,"href":"https:\/\/mjcloreillecassee.com\/home1\/wp-json\/wp\/v2\/pages\/42\/revisions\/6903"}],"wp:attachment":[{"href":"https:\/\/mjcloreillecassee.com\/home1\/wp-json\/wp\/v2\/media?parent=42"}],"curies":[{"name":"wp","href":"https:\/\/api.w.org\/{rel}","templated":true}]}}