{"id":4691,"date":"2022-09-29T15:33:32","date_gmt":"2022-09-29T13:33:32","guid":{"rendered":"https:\/\/mjcloreillecassee.com\/home1\/?page_id=4691"},"modified":"2022-09-29T15:33:34","modified_gmt":"2022-09-29T13:33:34","slug":"mentions-legales","status":"publish","type":"page","link":"https:\/\/mjcloreillecassee.com\/home1\/mentions-legales\/","title":{"rendered":"Mentions l\u00e9gales"},"content":{"rendered":"<p>Site : www.mjcloreillecassee.com<br \/>\nPropri\u00e9t\u00e9 du site : MJC-l&rsquo;Oreille Cass\u00e9e<br \/>\nT\u00e9l\u00e9phone : 01.60.60.76.98<br \/>\nAdresse : 1 place Andr\u00e9 Jarlan &#8211; 77380 &#8211; Combs-la-Ville<br \/>\nAdministration du site : Isabelle Wohmann<br \/>\nH\u00e9bergeur : OVHcloud &#8211; SAS OVH, 2 rue Kellermann \u2013 59100 Roubaix \u2013 France<\/p>\n<p>Donn\u00e9es personnelles<\/p>\n<p>Les informations collect\u00e9es via les formulaires seront conserv\u00e9es de mani\u00e8re confidentielle et ne feront l&rsquo;objet d&rsquo;aucune cession \u00e0 des tiers ni d&rsquo;aucun traitement.<br \/>\nAucunes informations recueillies ne sont conserv\u00e9es dans la base de donn\u00e9es du site.<br \/>\nConform\u00e9ment \u00e0 l\u2019article 34 de la loi informatique et libert\u00e9s du 6 janvier 1978 , vous disposez d\u2019un droit d\u2019acc\u00e8s, de modification, de rectification et de suppression des donn\u00e9es qui vous concernent.<\/p>\n<p>Pour l\u2019exercer\u00a0 : isabellewohmann [a] yahoo.fr ou via le <a href=\"https:\/\/mjcloreillecassee.com\/home1\/contact\/\" target=\"_blank\" rel=\"noopener\">formulaire de contact<\/a>.<\/p>\n","protected":false},"excerpt":{"rendered":"<p>Site : www.mjcloreillecassee.com Propri\u00e9t\u00e9 du site : MJC-l&rsquo;Oreille Cass\u00e9e T\u00e9l\u00e9phone : 01.60.60.76.98 Adresse : 1 place Andr\u00e9 Jarlan &#8211; 77380 &#8211; Combs-la-Ville Administration du site : Isabelle Wohmann H\u00e9bergeur : OVHcloud &#8211; SAS OVH, 2 rue Kellermann \u2013 59100 Roubaix \u2013 France Donn\u00e9es personnelles Les informations collect\u00e9es via les formulaires&#8230;<\/p>\n<p> <a class=\"continue-reading-link\" href=\"https:\/\/mjcloreillecassee.com\/home1\/mentions-legales\/\"><span>lire la suite<\/span><i class=\"crycon-right-dir\"><\/i><\/a> <\/p>\n","protected":false},"author":1,"featured_media":0,"parent":0,"menu_order":0,"comment_status":"closed","ping_status":"closed","template":"","meta":{"jetpack_post_was_ever_published":false,"footnotes":""},"class_list":["post-4691","page","type-page","status-publish","hentry"],"jetpack_sharing_enabled":true,"jetpack_shortlink":"https:\/\/wp.me\/PaMDLU-1dF","_links":{"self":[{"href":"https:\/\/mjcloreillecassee.com\/home1\/wp-json\/wp\/v2\/pages\/4691","targetHints":{"allow":["GET"]}}],"collection":[{"href":"https:\/\/mjcloreillecassee.com\/home1\/wp-json\/wp\/v2\/pages"}],"about":[{"href":"https:\/\/mjcloreillecassee.com\/home1\/wp-json\/wp\/v2\/types\/page"}],"author":[{"embeddable":true,"href":"https:\/\/mjcloreillecassee.com\/home1\/wp-json\/wp\/v2\/users\/1"}],"replies":[{"embeddable":true,"href":"https:\/\/mjcloreillecassee.com\/home1\/wp-json\/wp\/v2\/comments?post=4691"}],"version-history":[{"count":1,"href":"https:\/\/mjcloreillecassee.com\/home1\/wp-json\/wp\/v2\/pages\/4691\/revisions"}],"predecessor-version":[{"id":4692,"href":"https:\/\/mjcloreillecassee.com\/home1\/wp-json\/wp\/v2\/pages\/4691\/revisions\/4692"}],"wp:attachment":[{"href":"https:\/\/mjcloreillecassee.com\/home1\/wp-json\/wp\/v2\/media?parent=4691"}],"curies":[{"name":"wp","href":"https:\/\/api.w.org\/{rel}","templated":true}]}}