{"id":99,"date":"2011-09-05T17:00:47","date_gmt":"2011-09-05T15:00:47","guid":{"rendered":"http:\/\/mjc-combs-la-ville.com\/musique\/?page_id=99"},"modified":"2025-11-20T17:12:19","modified_gmt":"2025-11-20T16:12:19","slug":"chant","status":"publish","type":"page","link":"https:\/\/mjcloreillecassee.com\/home1\/les-cours-individuels\/chant\/","title":{"rendered":"<h3 style=\"color: #ffffff;\">Chant<\/h3>"},"content":{"rendered":"<div class=\"wp-block-image\">\n<figure class=\"aligncenter size-full is-resized\"><img data-recalc-dims=\"1\" loading=\"lazy\" decoding=\"async\" width=\"800\" height=\"300\" src=\"https:\/\/i0.wp.com\/mjcloreillecassee.com\/home1\/wp-content\/uploads\/2025\/11\/OPENSTAGE-13.png?resize=800%2C300&#038;ssl=1\" alt=\"\" class=\"wp-image-6928\" style=\"width:581px;height:auto\" srcset=\"https:\/\/i0.wp.com\/mjcloreillecassee.com\/home1\/wp-content\/uploads\/2025\/11\/OPENSTAGE-13.png?w=800&amp;ssl=1 800w, https:\/\/i0.wp.com\/mjcloreillecassee.com\/home1\/wp-content\/uploads\/2025\/11\/OPENSTAGE-13.png?resize=300%2C113&amp;ssl=1 300w, https:\/\/i0.wp.com\/mjcloreillecassee.com\/home1\/wp-content\/uploads\/2025\/11\/OPENSTAGE-13.png?resize=150%2C56&amp;ssl=1 150w, https:\/\/i0.wp.com\/mjcloreillecassee.com\/home1\/wp-content\/uploads\/2025\/11\/OPENSTAGE-13.png?resize=768%2C288&amp;ssl=1 768w, https:\/\/i0.wp.com\/mjcloreillecassee.com\/home1\/wp-content\/uploads\/2025\/11\/OPENSTAGE-13.png?resize=250%2C94&amp;ssl=1 250w\" sizes=\"auto, (max-width: 800px) 100vw, 800px\" \/><\/figure><\/div>\n\n\n<p><strong><em>Avec Sabrina BOICHE<\/em><\/strong><\/p>\n\n\n\n<p>Cours individuel &#8211; A partir de 13 ans &#8211; 470 \u20ac + 13\u20ac de cotisation &#8211; Cours de 30 minutes &#8211; Le lundi<\/p>\n\n\n\n<p>Cours en duo &#8211; A partir de 9 ans &#8211; 470 \u20ac + 13\u20ac de cotisation &#8211; Cours de 1h \u2013 Le lundi<\/p>\n\n\n\n<p><strong>Ce cours s&rsquo;adresse aux chanteurs de tous niveaux<\/strong><\/p>\n\n\n\n<p>Nous proposons ici aux \u00e9l\u00e8ves de d\u00e9couvrir leur voix et leur tessiture, et de comprendre les m\u00e9canismes du chant au travers d&rsquo;exercices techniques (travail sur la posture, la respiration, le placement de la voix&#8230;) mais aussi par le travail de l&rsquo;oreille afin de gagner en justesse.<br>Une grande place est faite \u00e0 la technique vocale qui est la base de l&rsquo;apprentissage du chant. Celle-ci doit devenir de plus en plus m\u00e9canique et naturelle. L&rsquo;objectif \u00e9tant de d\u00e9tacher la concentration que l&rsquo;on porte sur la technique vocale afin de la porter sur l&rsquo;interpr\u00e9tation. Car&nbsp;les cours de chant de la MJC ont aussi pour but de d\u00e9ployer en chaque \u00e9l\u00e8ve sa propre sensibilit\u00e9 artistique ainsi que sa pr\u00e9sence sc\u00e9nique. Pour cela, une grande place est faite \u00e0 l&rsquo;\u00e9change et aux projets communs avec les autres \u00e9l\u00e8ves musiciens de la MJC.<br>En m\u00ealant le travail de la technique vocale avec le travail d&rsquo;interpr\u00e9tation, nous offrons aux \u00e9l\u00e8ves des bases solides pour acqu\u00e9rir une v\u00e9ritable personnalit\u00e9 artistique, et d\u00e9velopper leur signature vocale.<\/p>\n","protected":false},"excerpt":{"rendered":"<p>Avec Sabrina BOICHE Cours individuel &#8211; A partir de 13 ans &#8211; 470 \u20ac + 13\u20ac de cotisation &#8211; Cours de 30 minutes &#8211; Le lundi Cours en duo &#8211; A partir de 9 ans &#8211; 470 \u20ac + 13\u20ac de cotisation &#8211; Cours de 1h \u2013 Le lundi Ce&#8230;<\/p>\n<p> <a class=\"continue-reading-link\" href=\"https:\/\/mjcloreillecassee.com\/home1\/les-cours-individuels\/chant\/\"><span>lire la suite<\/span><i class=\"crycon-right-dir\"><\/i><\/a> <\/p>\n","protected":false},"author":1,"featured_media":0,"parent":1231,"menu_order":0,"comment_status":"closed","ping_status":"closed","template":"","meta":{"jetpack_post_was_ever_published":false,"footnotes":""},"class_list":["post-99","page","type-page","status-publish","hentry"],"jetpack_sharing_enabled":true,"jetpack_shortlink":"https:\/\/wp.me\/PaMDLU-1B","_links":{"self":[{"href":"https:\/\/mjcloreillecassee.com\/home1\/wp-json\/wp\/v2\/pages\/99","targetHints":{"allow":["GET"]}}],"collection":[{"href":"https:\/\/mjcloreillecassee.com\/home1\/wp-json\/wp\/v2\/pages"}],"about":[{"href":"https:\/\/mjcloreillecassee.com\/home1\/wp-json\/wp\/v2\/types\/page"}],"author":[{"embeddable":true,"href":"https:\/\/mjcloreillecassee.com\/home1\/wp-json\/wp\/v2\/users\/1"}],"replies":[{"embeddable":true,"href":"https:\/\/mjcloreillecassee.com\/home1\/wp-json\/wp\/v2\/comments?post=99"}],"version-history":[{"count":13,"href":"https:\/\/mjcloreillecassee.com\/home1\/wp-json\/wp\/v2\/pages\/99\/revisions"}],"predecessor-version":[{"id":6929,"href":"https:\/\/mjcloreillecassee.com\/home1\/wp-json\/wp\/v2\/pages\/99\/revisions\/6929"}],"up":[{"embeddable":true,"href":"https:\/\/mjcloreillecassee.com\/home1\/wp-json\/wp\/v2\/pages\/1231"}],"wp:attachment":[{"href":"https:\/\/mjcloreillecassee.com\/home1\/wp-json\/wp\/v2\/media?parent=99"}],"curies":[{"name":"wp","href":"https:\/\/api.w.org\/{rel}","templated":true}]}}